ne q(m).
0
Let s(c) = -c**3 + 7*c**2 - 7*c. Let k be s(6). Let l(z) = -z + 11. Let x(d) = -6*d + 56. Let r(t) = 16*l(t) - 3*x(t). Calculate r(k).
-4
Suppose -3*y + 0*n = 3*n - 33, -1 = -3*y + 5*n. Suppose -2*x + j = -2 - 3, y = 2*x + j. Let d(o) = -1 + o + 5 - x*o**2 - o**3 + 2*o. Determine d(-4).
8
Let g(s) be the first derivative of -1/2*s**2 + 3 + 2*s. Determine g(-3).
5
Let x = 14 + -8. Let k(p) = -x*p**2 + 5 - p**3 + 6*p + 5*p**2 + 0*p**2 - 2*p**2. Let s = -14 - -10. Calculate k(s).
-3
Let x(f) = -f**2 + 1. Let h(c) = c**2 + 0 - 1 - 1. Let m(z) = -2*h(z) - 3*x(z). Let g be (-4)/10 + 4/10. Determine m(g).
1
Let s(k) = -k**2 + 8*k - 6. Let m be ((-1)/(-3))/((-5)/(-105) + 0). Determine s(m).
1
Suppose v + 12 = 4*w - 11, 3*v + 9 = 0. Suppose -4*c + 7 = -4*b - 1, 0 = -b + w*c - 18. Let z(l) = 3 - 2 + 3*l + 0*l - l**b. Calculate z(4).
-3
Suppose 0 = -2*l - 1 + 7. Let r = l + 2. Let j(f) be the second derivative of f**4/12 - 5*f**3/6 + 3*f**2/2 + 2*f. Give j(r).
3
Let u(s) = 2*s**2 + 2*s - 2. Let y(f) = 3*f**2 + 15*f - 2. Let n be y(-5). Give u(n).
2
Let t(u) = -2*u**2 - 5*u + 5. Let h(a) = 3*a**2 + 7*a - 7. Let v(x) = -5*h(x) - 7*t(x). What is v(1)?
-1
Let v = -4 - -1. Let f(j) = j**3 - 3*j**2 - 2*j - 3. Let a(i) = i**2. Let h(n) = 6*a(n) + f(n). Calculate h(v).
3
Suppose 48 = 13*w + 9. Let b(u) be the third derivative of -u**5/30 + u**4/8 + u**3/2 + u**2. Calculate b(w).
-6
Let s(g) = -g. Let v(d) = -d + 11. Let m(r) = 3*s(r) - v(r). Determine m(-9).
7
Let t(s) = s**3 - 6*s**2 + 6*s - 4. Suppose -4*n + 15 = -1, 2*m = 5*n - 20. Let b be (1 + m)/((-4)/20). Let k = 10 + b. Calculate t(k).
1
Let s(y) = -5*y**3 - 5*y**2 - 5*y - 2. Let n(v) = 24*v**3 + 24*v**2 + 24*v + 10. Let u(g) = 3*n(g) + 14*s(g). What is u(-2)?
-10
Let x(y) be the first derivative of y**2/2 + 2*y + 7. Calculate x(5).
7
Suppose -2*z + 81 = z. Let l be 4/(-18) + 573/z. Suppose -3*w + 3*q = -0*q - l, -3*q + 3 = 3*w. Let v(m) = m**3 - 5*m**2 + m + 4. What is v(w)?
-8
Suppose 5*n + 30 = 7*t - 2*t, 3*t + 10 = -4*n. Suppose 0 = s - 2*f - 2, 5 = -t*s - f + 4. Let r(q) = q - 6. Determine r(s).
-6
Let r(h) = 8*h**2 - 16*h - 18. Let a(n) = 3*n**2 - 5*n - 6. Let s(d) = 11*a(d) - 4*r(d). Calculate s(-7).
-8
Let g(v) be the third derivative of -v**5/60 - v**4/6 - 5*v**3/6 + 4*v**2. Give g(-4).
-5
Let o(j) = j**2 + 5*j + 5. Suppose -3 = -y + 9. Suppose -4*z + z = y. Give o(z).
1
Let x(v) = v**3 + 7*v**2 + 8*v + 8. Let f be x(-6). Let g(j) be the second derivative of j**4/12 + j**3 + 3*j**2 + j. Calculate g(f).
-2
Suppose 0 = 3*b - 2*b + 5. Let t(s) = -s**2 - 8*s - 7. Give t(b).
8
Let n(a) = a**2 - 6*a + 4. Suppose c + 18 = 4*c. Suppose -z + 24 = 5*l, 5*l = c*z - z. Determine n(l).
-4
Let n(y) = 3*y - 1. Let w be (6 - 3 - 4)*-1. Let q be n(w). Let t(g) = -g - 2 - 3*g**q + g**3 - g + 5*g**2. Determine t(-2).
2
Let a(k) = -k**3 + 3*k - 2. Let f(q) be the first derivative of -q**2/2 - q + 6. Let m be f(-3). Give a(m).
-4
Let k(b) = 2*b**3 + 2*b**2 - 2*b - 1. Let r(i) = -i**2 + 5*i + 12. Let l be r(-2). Give k(l).
-5
Suppose n - 3*q + 2 = 0, q = 4*n + 2*q - 18. Let b = n - 9. Let d(y) = y**2 + 2*y - 7. Give d(b).
8
Let u(p) = -3*p - 40. Let v be u(-12). Let s(r) = 1 + 1 - r + 0*r. What is s(v)?
6
Let m(f) = f**2 - 2*f + 1. Let o(a) = -2*a**2 + 4*a - 2. Let g(l) = 13*m(l) + 6*o(l). What is g(2)?
1
Let x(d) = -2*d**2 + 13*d - 9. Let s be x(6). Let b be (s/(-9))/(5/(-45)). Let o(a) = a**2 - 3*a - 2. Calculate o(b).
16
Let w(a) = -a**2 + 18. Let t be ((0/2)/5)/(-2 - -1). What is w(t)?
18
Let o(d) be the second derivative of d**3/6 - 3*d**2 + 21*d. Suppose 0 = 4*w - 1 + 13, w = -5*n - 3. Calculate o(n).
-6
Let u(t) = -3*t - 2. Let p(y) = y. Let j(s) = -2*p(s) - u(s). What is j(-2)?
0
Let z(q) = q + 7. Let m(r) = -r - 7. Let l(f) = -3*m(f) - 2*z(f). Let p(s) = -s**2 + 2*s - 2. Let g be p(3). Give l(g).
2
Suppose -4*f - f - 3*t + 26 = 0, -4*t - 5 = f. Let a(p) = -p**2 + 10*p - 4. Determine a(f).
17
Let g(p) = 5*p**2 - 8*p + 1. Let j(y) = -13*y**2 + 23*y - 2. Let v(c) = -8*g(c) - 3*j(c). Calculate v(-3).
4
Let b(o) = -o + 1. Let s be b(3). Let q(t) = -t. Let d be q(s). Let v(c) = c - 1. Determine v(d).
1
Let w(n) = 578*n - 580*n - 3 + n**3 + 4. Let z = 5 - 7. Determine w(z).
-3
Let t(d) = -d**3 - 5*d**2 + 6*d - 8. Let i(p) = -2*p**2 - 4*p + 4. Let h be i(3). Let y = h - -20. What is t(y)?
-8
Suppose -3*z + 3 + 6 = 0. Let w be z*1/(-2 + 3). Let r(i) = i**3 - 2*i**2 - 4*i + 1. What is r(w)?
-2
Let b(k) = -3*k + 3. Let d be b(1). Let i(z) = z + 10. Calculate i(d).
10
Let l(d) = -d + 4. Let f be l(5). Let k be (f - 0)/(10 - 9). Let i(w) = -9*w**3 - w**2 + w + 1. Determine i(k).
8
Let u(z) = -9*z - 7. Let w be u(-1). Let f(v) = v**2 - 4*v + 3. Determine f(w).
-1
Let b = -31 + 28. Let f(p) = p**3 + 3*p**2 + 2. What is f(b)?
2
Let c(h) = -3*h + 2*h + 0*h. Let w be 1 + (2 - (0 + 5)) + 7. Calculate c(w).
-5
Let i(s) be the third derivative of s**4/12 + s**3/2 + 7*s**2. Give i(-5).
-7
Let p(s) be the second derivative of -s**5/20 - 5*s**4/12 + 7*s**2/2 - 3*s. Calculate p(-5).
7
Let b(c) = -c - 2. Let w(n) = -n**2 - 8*n + 1. Let r be w(-7). Let d be ((-21)/14)/(2/r). Determine b(d).
4
Let z(i) be the first derivative of 5*i**4/2 - i**2/2 - 12. Let c be -1*2*-1 - 3. Calculate z(c).
-9
Let j(s) be the second derivative of -s**5/20 + s**4/12 + s**3/3 + s**2/2 + 13*s. Calculate j(2).
1
Let h(c) = -c**2 + 6*c - 3. Let r(l) = 14*l + 2. Let z be r(4). Suppose 5*k + 111 = 2*g + 17, 3*k - 2*g + z = 0. Let y be 17/3 - (-12)/k. Give h(y).
2
Suppose 5*r = 15, r = 5*u - 2*r - 21. Let s(k) = -k**2 + 6*k - 9. Calculate s(u).
-9
Let p(u) = u + 13. Let h(a) be the third derivative of a**6/120 - 7*a**5/60 + a**4/4 + 2*a**2. Let b be h(6). Determine p(b).
13
Let i(d) = d**2 + d - 2. Suppose 97 = -4*v - 5*u, 10 + 77 = -4*v - 3*u. Let n = v - -20. Calculate i(n).
4
Let n = -8 - -4. Let g = -9 - n. Let o(c) = c + 5. Give o(g).
0
Let p(r) = -r**2 - r. Let d = 49 - 34. Suppose -d = -3*v - 3*c, -9 = -4*v - 3*c + 8. Determine p(v).
-6
Let n be 3/(-9) - 13/(-3). Suppose -4*g = -p - 40, 3*p + 2*p + 10 = g. Let y(q) = -g*q**2 + 0*q**3 + 6 + 3*q**3 + n*q**2 - 2*q**3 + 3*q. Determine y(5).
-4
Suppose 0 = -3*g - 4*q - 33, -4*g - q + 3*q - 22 = 0. Let l(w) = -w**2 - 7*w - 8. What is l(g)?
-8
Let y(v) = -v - 1. Suppose 2*l + 6 = 4*l. What is y(l)?
-4
Let t be 18/27*(-8 + -1). Let r(l) = l**3 + 6*l**2 + 1. Calculate r(t).
1
Let q(f) = 6*f**2 + 2*f - 1. Suppose -15 = -5*d - 3*l, 2*d - l - 25 = -6*l. Let p = d - -1. Give q(p).
7
Let y(s) = -7*s - 4*s + s**2 + 2*s + 4. Determine y(5).
-16
Let g = -4 + 1. Let f(y) be the first derivative of y**4/4 + y**3 + 4*y + 6. Calculate f(g).
4
Let b(a) be the third derivative of -a**6/120 - a**5/20 + a**4/8 + a**3/6 + a**2. Determine b(-2).
-9
Let r(i) = i**3 + i**2. Suppose -z - 2*v + 7 = 0, 2*v - 6 + 0 = 0. Determine r(z).
2
Suppose 0 = 2*f + 2 + 2, 0 = 5*i - 3*f - 31. Suppose -i*x + 16 = -x. Suppose d = b - 0 - 1, 4 = x*b - d. Let u(z) = -2*z - 1. Calculate u(b).
-3
Let q(y) = 9*y. Let s be q(-1). Let l(v) be the first derivative of -4*v**2 - v - 2. Let n(b) = -33*b - 4. Let h(w) = s*l(w) + 2*n(w). What is h(-1)?
-5
Let n be 1 + -3 - (-4)/(-2). Let o(c) be the second derivative of -c**3/3 - 5*c**2/2 + 2*c. Give o(n).
3
Suppose 1 - 7 = -d. Suppose 0 = -d*y + y + 5. Let u(z) = 9*z + 4. Let a(v) = -v - 1. Let o(q) = 3*a(q) + u(q). What is o(y)?
7
Let u(q) = q - 3. Let x be u(4). Let j(a) = -2*a**2 - 1 - 2 + 4 + 9*a**3. Determine j(x).
8
Let u be 3/(-18) - 13/(-6). Suppose 5*g = u + 13. Let q(y) = 2*y**2 - y - 2. Let v(l) = -l**2 + 1. Let p(x) = 2*q(x) + 3*v(x). Determine p(g).
2
Let b be 10*(-2)/8*-2. Let s(q) be the first derivative of q**3/3 - 3*q**2 + 7*q + 1. What is s(b)?
2
Let w(h) = -2*h + 2*h - 2*h**2 - 3*h + 3*h**2. Calculate w(2).
-2
Suppose -5*n = -0*n. Let m(o) = 2 - 2 + o**2 + 4. Determine m(n).
4
Let q = 1 - 0. Let r(m) = -2*m + 3. Let z(n) = 6*n - 10. Let c(v) = -7*r(v) - 2*z(v). Give c(q).
1
Let w(b) = 7*b**2 - 4*b - 3. Let g(r) = -3*r**2 + 2*r + 2. Let o(s) = 5*g(s) + 2*w(s). What is o(4)?
-4
Let p(s) = 1. Let r(n) be the first derivative of n**2/2 - 2*n - 2. Let f(c) = -3*p(c) - r(c). Let v(m) = m - 8. Let h be v(4). Give f(h).
3
Let t(f) = -f**2 - 7*f - 5. Let w be t(-4). Let m(i) = -3*i**2 